alse
Is 104272 a multiple of 38?
True
Is 84955 a multiple of 42?
False
Is 14 a factor of 403422?
False
Is 36 a factor of 184823?
False
Does 43 divide 328219?
True
Is 5272093 a multiple of 89?
True
Is 225 a factor of 150179?
False
Does 33 divide 288157?
False
Does 97 divide 601118?
False
Does 17 divide 14100497?
True
Is 1211697 a multiple of 387?
True
Does 10 divide 47644?
False
Is 55 a factor of 366834?
False
Is 82215 a multiple of 87?
True
Is 25527 a multiple of 381?
True
Is 85008 a multiple of 21?
True
Does 103 divide 3832012?
True
Is 364037 a multiple of 136?
False
Does 554 divide 31971?
False
Is 9 a factor of 125654?
False
Is 17 a factor of 38964?
True
Does 21 divide 1468614?
True
Is 37 a factor of 259444?
True
Is 143 a factor of 75528?
False
Is 64990 a multiple of 10?
True
Is 10 a factor of 53124?
False
Is 13178 a multiple of 11?
True
Does 11 divide 57717?
True
Is 1902713 a multiple of 197?
False
Is 7 a factor of 35635?
False
Is 703872 a multiple of 188?
True
Does 3 divide 3633?
True
Is 3763730 a multiple of 23?
False
Is 2879520 a multiple of 14?
True
Is 533 a factor of 4215622?
False
Is 163 a factor of 1660807?
True
Is 13132070 a multiple of 29?
True
Is 97019 a multiple of 32?
False
Is 3336591 a multiple of 34?
False
Does 428 divide 8510352?
True
Is 38 a factor of 583262?
True
Does 39 divide 1849380?
True
Is 274150 a multiple of 50?
True
Is 154410 even?
True
Is 810011 a multiple of 645?
False
Is 10613929 a multiple of 530?
False
Is 415989 a multiple of 352?
False
Is 8 a factor of 15605?
False
Is 1244950 a multiple of 70?
True
Is 93 a factor of 703684?
False
Is 35 a factor of 7140?
True
Is 39696 a multiple of 7?
False
Is 1180 a factor of 540440?
True
Does 27 divide 755676?
True
Does 91 divide 258531?
True
Does 25 divide 1747298?
False
Is 277 a factor of 2870551?
True
Is 257328 a multiple of 72?
True
Is 494 a factor of 94335?
False
Is 276769 a multiple of 84?
False
Is 3 a factor of 5823?
True
Is 840675 a multiple of 1019?
True
Is 167619 a multiple of 13?
False
Is 42 a factor of 58506?
True
Is 261 a factor of 112352?
False
Does 273 divide 387387?
True
Does 420 divide 17989722?
False
Is 78 a factor of 1908504?
True
Is 254358 a multiple of 39?
True
Is 338 a factor of 273780?
True
Does 6 divide 427050?
True
Does 15 divide 163164?
False
Does 32 divide 7551264?
True
Does 27 divide 749817?
True
Is 1385223 a multiple of 8?
False
Does 12 divide 875844?
True
Is 407 a factor of 2855105?
True
Is 196 a factor of 140360?
False
Is 207902 a multiple of 10?
False
Is 88 a factor of 487296?
False
Does 26 divide 703872?
True
Is 340714 a multiple of 186?
False
Is 481005 a multiple of 47?
False
Is 1983328 a multiple of 32?
True
Does 849 divide 6204?
False
Is 1976753 a multiple of 43?
True
Is 17 a factor of 986901?
True
Does 27 divide 70524?
True
Is 92 a factor of 706167?
False
Does 49 divide 629857?
False
Is 13 a factor of 4304207?
False
Is 14 a factor of 1353786?
True
Does 8 divide 6133464?
True
Does 7 divide 62874?
True
Is 1131361 a multiple of 412?
False
Does 17 divide 209270?
True
Does 657 divide 1259812?
False
Is 8 a factor of 2248200?
True
Does 3 divide 4707?
True
Does 5 divide 35313?
False
Is 73280 a multiple of 160?
True
Is 15 a factor of 19158870?
True
Is 9 a factor of 5836896?
True
Is 367 a factor of 521981?
False
Does 137 divide 3526109?
False
Is 219074 a multiple of 13?
False
Is 2613010 a multiple of 107?
False
Is 1593975 a multiple of 75?
True
Is 36 a factor of 7750417?
False
Does 34 divide 2348448?
True
Is 10 a factor of 6396525?
False
Is 9 a factor of 49091?
False
Is 118 a factor of 146084?
True
Is 30473 a multiple of 42?
False
Does 4 divide 7928?
True
Is 3 a factor of 14157?
True
Does 138 divide 126867?
False
Is 502 a factor of 758196?
False
Does 138 divide 702366?
False
Does 364 divide 123032?
True
Does 18 divide 217397?
False
Is 1218 a multiple of 4?
False
Is 6 a factor of 708366?
True
Is 59477 a multiple of 170?
False
Is 457506 a multiple of 21?
True
Does 84 divide 135072?
True
Is 4 a factor of 41954?
False
Is 18 a factor of 5932848?
False
Does 691 divide 1375359?
False
Does 62 divide 96782?
True
Is 1236099 a multiple of 4?
False
Is 449 a factor of 1296263?
True
Is 24 a factor of 2141592?
True
Is 9617784 a multiple of 223?
False
Is 15580752 a multiple of 264?
True
Does 29 divide 3699658?
False
Is 11 a factor of 340615?
True
Does 10 divide 258860?
True
Does 9 divide 484020?
True
Is 420791 a multiple of 358?
False
Is 59 a factor of 7233695?
True
Does 12 divide 40189?
False
Does 30 divide 51775?
False
Is 701340 a multiple of 54?
False
Is 465924 a multiple of 82?
True
Is 18 a factor of 737913?
False
Is 26267 a multiple of 3?
False
Is 260 a factor of 211380?
True
Is 18102714 a multiple of 42?
True
Is 1226 a factor of 9451234?
True
Is 22 a factor of 112047?
False
Does 303 divide 1645290?
True
Is 106949 even?
False
Is 17 a factor of 4748497?
False
Is 4 a factor of 13530?
False
Does 462 divide 324910?
False
Is 12 a factor of 168708?
True
Does 83 divide 8077560?
True
Is 702240 a multiple of 231?
True
Is 91 a factor of 1125257?
False
Is 5365202 a multiple of 23?
False
Is 229 a factor of 541834?
False
Does 141 divide 2971895?
False
Is 55 a factor of 585861?
False
Does 4 divide 32688?
True
Is 37 a factor of 170407?
False
Is 7567226 a multiple of 14?
False
Is 123504 a multiple of 48?
True
Is 18 a factor of 117396?
True
Is 64 a factor of 3621312?
True
Is 10 a factor of 43760?
True
Does 202 divide 59590?
True
Is 14 a factor of 105655?
False
Does 60 divide 6154681?
False
Is 762570 a multiple of 7?
False
Is 18 a factor of 78642?
True
Is 5111317 a multiple of 314?
False
Does 45 divide 5059755?
True
Does 363 divide 378246?
True
Is 42 a factor of 45192?
True
Is 4242350 a multiple of 70?
True
Is 228 a factor of 2304820?
False
Is 131163 a multiple of 4?
False
Is 2542419 a multiple of 4?
False
Does 75 divide 239175?
True
Does 183 divide 55083?
True
Is 3 a factor of 1815975?
True
Is 3 a factor of 31119?
True
Is 325 a factor of 9205300?
True
Does 32 divide 140160?
True
Does 118 divide 259060?
False
Is 1827364 a multiple of 3?
False
Does 13 divide 2702?
False
Is 14 a factor of 347396?
True
Is 285894 a multiple of 64?
False
Is 264 a factor of 3293400?
True
Is 26752 a multiple of 17?
False
Does 166 divide 62416?
True
Is 5 a factor of 492314?
False
Does 14 divide 124754?
True
Does 175 divide 564725?
True
Does 19 divide 107141?
True
Does 5 divide 597945?
True
Is 28 a factor of 1274419?
False
Is 93 a factor of 3266253?
True
Does 4 divide 148574?
False
Does 42 divide 1281?
False
Is 372940 a multiple of 116?
True
Is 285 a factor of 776373?
False
Is 257165 a multiple of 95?
True
Is 241854 a multiple of 2?
True
Does 430 divide 830059?
False
Is 14 a factor of 13188?
True
Is 14864258 a multiple of 17?
False
Is 342984 a multiple of 26?
False
Is 1190 a factor of 1336370?
True
Is 111 a factor of 119547?
True
Is 782499 a multiple of 162?
False
Is 36 a factor of 50184?
True
Is 141 a factor of 6492204?
True
Does 44 divide 165101?
False
Does 12 divide 1297008?
True
Does 36 divide 64332?
True
Is 9 a factor of 9732100?
False
Is 128736 a multiple of 36?
True
Is 21421056 a multiple of 228?
True
Is 1802 a factor of 5425547?
False
Is 84 a factor of 27206172?
True
Is 340416 a multiple of 216?
True
Is 142 a factor of 176040?
False
Is 4260242 a multiple of 115?
False
Is 26 a factor of 289250?
True
Does 10 divide 304280?
True
Is 305 a factor of 12449634?
False
Does 94 divide 2634804?
False
Is 240 a factor of 310032?
False
Is 678421 a multiple of 129?
False
Is 154548 a multiple of 324?
True
Is 654 a factor of 344118?
False
Is 83646 a multiple of 16?
False
Does 33 divide 26962?
False
Is 3290778 a multiple of 47?
False
Is 36 a factor of 4005153?
False
Does 308 divide 15544?
False
Is 1871888 a multiple of 16?
True
Is 14 a factor of 2269358?
True
Is 139590 a multiple of 47?
True
Is 46 a factor of 13754?
True
Is 618016 a multiple of 112?
True
Is 16 a factor of 14388170?
False
Is 4835980 a multiple of 92?
True
Does 7 divide 240557?
False
Does 7 divide 791?
True
Does 319 divide 61248?
True
Is 280 a factor of 223720?
True
Is 1630073 a multiple of 31?
True
Does 44 divide 483811?
False
Is 13 a factor of 52174?
False
Is 35 a factor of 2357344?
False
Is 3182982 a multiple of 33?
True
Is 421253 a multipl